 what is 3 + 122908?
122911
In base 15, what is a3 - -9b01?
9ba4
In base 10, what is -101125 + 189?
-100936
In base 9, what is 3 - -15043046?
15043050
In base 13, what is -14a72 + -1612?
-16384
In base 4, what is -121101213331 - 13?
-121101220010
In base 11, what is -55020a + 5?
-550205
In base 6, what is -2 - 43112554?
-43113000
In base 11, what is 3 + 2358457?
235845a
In base 6, what is 44 + -1341201?
-1341113
In base 11, what is 235 - -33942?
34077
In base 4, what is -320122 - -12021132?
11101010
In base 14, what is 205 - -ba76?
bc7b
In base 6, what is -5 - -5531545404?
5531545355
In base 2, what is 11 + 110011011010110111110101?
110011011010110111111000
In base 4, what is -21 - -13010112003?
13010111322
In base 14, what is 33153 + 30?
33183
In base 15, what is -d4864d - 3?
-d48651
In base 10, what is -14620 - -32004?
17384
In base 12, what is -46 - -3995b1?
399567
In base 11, what is 83929 - 298?
83641
In base 16, what is 4 - -4572f1?
4572f5
In base 14, what is 2302 - 435c?
-205a
In base 4, what is 11 + 23212333003?
23212333020
In base 5, what is -10434024 + 14?
-10434010
In base 8, what is -2 - -1417746?
1417744
In base 16, what is -14 - -4a05b?
4a047
In base 12, what is -405b5 - 2027?
-42620
In base 14, what is -173607a - -3?
-1736077
In base 16, what is 8ec54 - -e2?
8ed36
In base 16, what is -1ee1f3 + -1b?
-1ee20e
In base 5, what is -10140 + 11031124?
11020434
In base 11, what is 146880 - -653?
147423
In base 13, what is -4942219 + 2?
-4942217
In base 6, what is 10004045 - -3524?
10012013
In base 11, what is -14009a + -29a?
-140389
In base 16, what is -f2b88f9 - -5?
-f2b88f4
In base 11, what is 4 + -992149?
-992145
In base 10, what is 769353 + 54?
769407
In base 3, what is 10121 + 201001120212?
201001201110
In base 10, what is 12010633 - 9?
12010624
In base 13, what is a2 + 301576?
301648
In base 4, what is 2003023 - -32013233?
100022322
In base 8, what is -2511 - 12706?
-15417
In base 10, what is -26086 + -3328?
-29414
In base 5, what is -120320440 + 2?
-120320433
In base 2, what is -100011000101111101010 - -10001?
-100011000101111011001
In base 9, what is -1000 - 1458?
-2458
In base 6, what is 15025414434 - -11?
15025414445
In base 2, what is 101010110001111111 + -110111100?
101010101011000011
In base 12, what is 23b80a30 + 5?
23b80a35
In base 6, what is 43032 + 123415?
210451
In base 13, what is -8c6b2 + -b?
-8c6c0
In base 2, what is 1110001 - 11101101000010011?
-11101100110100010
In base 3, what is -221 + -1200011011122200?
-1200011011200121
In base 12, what is 36 + -2620?
-25a6
In base 11, what is -641a77 - 439?
-642405
In base 2, what is -1110110 + 10010011000?
10000100010
In base 2, what is -111101111111 + 11000001000?
-100101110111
In base 5, what is -231443123 - 1413?
-232000041
In base 12, what is 2b7326a + 3?
2b73271
In base 14, what is -6549d3 + 5?
-6549cc
In base 12, what is 557482 - -a?
557490
In base 8, what is 37110 - -500?
37610
In base 3, what is -1200222122102002 + 1?
-1200222122102001
In base 3, what is -101020 - -2121222200210?
2121222022120
In base 12, what is 5b + -3413108?
-3413069
In base 2, what is -101010011000111110 - 111111?
-101010011001111101
In base 11, what is -138 - -191024?
190997
In base 6, what is 145421413200 + 4?
145421413204
In base 3, what is 1100111102220020 - 11?
1100111102220002
In base 9, what is 3071176 - 1?
3071175
In base 11, what is -8616 + -6a?
-8685
In base 3, what is -100201002111 + -2102?
-100201011220
In base 3, what is 12102200020100111 + 2?
12102200020100120
In base 10, what is 78555 + -287?
78268
In base 5, what is -20344234203 + -2?
-20344234210
In base 10, what is -362780 - 1050?
-363830
In base 15, what is 46976a17 + 2?
46976a19
In base 11, what is -2 - 35a47319?
-35a47320
In base 6, what is -2144 + -3325220?
-3331404
In base 8, what is 52531 - 4157?
46352
In base 13, what is -5263282 + 1?
-5263281
In base 3, what is -20121122211 + 20200211?
-20100222000
In base 14, what is 10 - 88879a4?
-8887994
In base 7, what is -12043 + -2103621?
-2115664
In base 10, what is 934 - -847?
1781
In base 8, what is 304 + 2000104?
2000410
In base 7, what is -1462546001 - 0?
-1462546001
In base 11, what is 242488 - 31?
242457
In base 15, what is 2e750be9 + 0?
2e750be9
In base 10, what is -31378 + -400?
-31778
In base 11, what is -1454673a + 4?
-14546736
In base 10, what is -3 - -8832685?
8832682
In base 11, what is 401045 - a5?
400a50
In base 5, what is 111113300 - -2403?
111121203
In base 15, what is d1 - 94?
3c
In base 7, what is -126515 + -16005?
-145523
In base 16, what is 1144ef5 - 13?
1144ee2
In base 4, what is -3 - 20102202113113?
-20102202113122
In base 11, what is -45 - 787950?
-787995
In base 8, what is 1555 - 10537?
-6762
In base 15, what is -98b0deca - -4?
-98b0dec6
In base 16, what is 0 + 4343d3?
4343d3
In base 13, what is -57c - -14624?
14075
In base 10, what is 2 - 3111829?
-3111827
In base 10, what is -61493427 + 2?
-61493425
In base 5, what is 12033 + 41202?
103240
In base 6, what is -5111442223 - -11?
-5111442212
In base 11, what is -2030 - -2195?
165
In base 15, what is 3 - -21bc80?
21bc83
In base 9, what is -1422 - -173710?
172277
In base 3, what is 221012011022021 + 10?
221012011022101
In base 14, what is -5 - 1937894?
-1937899
In base 5, what is -13113100211 - 1?
-13113100212
In base 2, what is 100101101110001111010010 - -10111?
100101101110001111101001
In base 9, what is -121 + -55885?
-56116
In base 9, what is -12460585 - 5?
-12460601
In base 15, what is -c7d6 - c94?
-d57a
In base 11, what is -1727 + -37532?
-39159
In base 3, what is 201201 + -20101121?
-12122220
In base 6, what is 1202545 - -120?
1203105
In base 16, what is 68 - a8d5?
-a86d
In base 8, what is 444353146 - 1?
444353145
In base 7, what is 2356561332 + -2?
2356561330
In base 5, what is 1341104 + 1032?
1342141
In base 3, what is -100 - -100201101201210?
100201101201110
In base 10, what is -2646 + 1135?
-1511
In base 11, what is 1754 + 20792?
22436
In base 6, what is 205 + -1014052?
-1013443
In base 7, what is 5406535 + 2?
5406540
In base 13, what is -6 + 9b71a?
9b714
In base 16, what is -15a51a - 4?
-15a51e
In base 2, what is 1110011011100101000 + -111001100?
1110011010101011100
In base 13, what is -5 - 3c7823?
-3c7828
In base 15, what is 39 + -478903?
-4788b9
In base 16, what is b + 3f719a?
3f71a5
In base 16, what is -905f - 4c?
-90ab
In base 13, what is 6160cb + -6?
6160c5
In base 8, what is -3100624 + 37?
-3100565
In base 4, what is -2213132013311 + -2?
-2213132013313
In base 11, what is 974 - 7a792?
-79919
In base 9, what is -21878 + -80?
-22068
In base 3, what is 10 + 12020212220011?
12020212220021
In base 5, what is -1010330033 - 0?
-1010330033
In base 2, what is 11101100100000001010 + 100001110?
11101100100100011000
In base 10, what is 4 + -26884381?
-26884377
In base 16, what is 1a94a0 - -4?
1a94a4
In base 15, what is 311ab4 - -c?
311ac1
In base 2, what is 101110101010110100111 + -1100?
101110101010110011011
In base 6, what is -4 - 2022141444?
-2022141452
In base 6, what is 2150 - -50120344?
50122534
In base 14, what is -134c9 - 11c3?
-146ac
In base 16, what is -3ab78c56 - -1?
-3ab78c55
In base 14, what is -280 - 61658?
-618d8
In base 13, what is 7c18c + 2?
7c191
In base 14, what is -6 - ca9d2cc?
-ca9d2d4
In base 8, what is 150334 + 14?
150350
In base 16, what is -10b890 - -1?
-10b88f
In base 9, what is 710373571 + -1?
710373570
In base 14, what is 4150 + d3?
4243
In base 13, what is 1a2427 + -103?
1a2324
In base 11, what is -271a413 + -2?
-271a415
In base 7, what is 11451446 + -21?
11451425
In base 10, what is 564860 - 2?
564858
In base 9, what is 210050280 - -3?
210050283
In base 8, what is 35420371 + -6?
35420363
In base 9, what is 24177544 - 2?
24177542
In base 15, what is 10216ad1b + 4?
10216ad20
In base 14, what is 1c51 + -2777?
-926
In base 11, what is -631 + -a719?
-1024a
In base 15, what is 627b + 3bd6?
9e62
In base 3, what is -11021011 + 102211111?
21120100
In base 2, what is -100010100011 - -10111110110?
-1010101101
In base 14, what is -6158 + -31c?
-6476
In base 14, what is 321b79 - -8?
321b83
In base 3, what is 2200020000112002 + 1002?
2200020000120011
In base 3, what is -2011000 - 21112101?
-100200101
In base 13, what is 1a8c629 - -1?
1a8c62a
In base 10, what is 151 - 56717?
-56566
In